{"id":13895,"date":"2023-05-29T17:06:16","date_gmt":"2023-05-29T15:06:16","guid":{"rendered":"https:\/\/www.conceptole.fr\/bureau-etude-tolerie-industrielle-montpellier\/?page_id=13895"},"modified":"2023-05-29T17:13:39","modified_gmt":"2023-05-29T15:13:39","slug":"bigtree","status":"publish","type":"page","link":"https:\/\/www.conceptole.fr\/bureau-etude-tolerie-industrielle-montpellier\/bigtree\/","title":{"rendered":"Big Tree"},"content":{"rendered":"<p>[vc_row background_style=\u00a0\u00bbcover\u00a0\u00bb css=\u00a0\u00bb.vc_custom_1685348075573{margin-top: 40px !important;margin-bottom: 100px !important;}\u00a0\u00bb][vc_column width=\u00a0\u00bb1\/2&Prime; css=\u00a0\u00bb.vc_custom_1685347252297{margin-bottom: 30px !important;}\u00a0\u00bb][vc_images_carousel images=\u00a0\u00bb13901,13902,13903,13904&Prime; img_size=\u00a0\u00bbfull\u00a0\u00bb speed=\u00a0\u00bb3000&Prime; autoplay=\u00a0\u00bbyes\u00a0\u00bb wrap=\u00a0\u00bbyes\u00a0\u00bb][\/vc_column][vc_column width=\u00a0\u00bb1\/2&Prime;][vc_row_inner][vc_column_inner css=\u00a0\u00bb.vc_custom_1427878035332{border-top-width: 1px !important;border-right-width: 1px !important;border-bottom-width: 1px !important;border-left-width: 1px !important;padding-top: 34px !important;padding-right: 34px !important;padding-bottom: 34px !important;padding-left: 34px !important;border-left-color: rgba(0,0,0,0.1) !important;border-left-style: solid !important;border-right-color: rgba(0,0,0,0.1) !important;border-right-style: solid !important;border-top-color: rgba(0,0,0,0.1) !important;border-top-style: solid !important;border-bottom-color: rgba(0,0,0,0.1) !important;border-bottom-style: solid !important;}\u00a0\u00bb][vc_column_text]<\/p>\n<h4>\n<strong>Date du projet: 2018<\/strong><br \/>\n<strong>Produit<\/strong><\/h4>\n<p>Arbre Lumineux BIG TREE<\/p>\n<h4>\n<strong>R\u00f4le de Concept\u00f4le<\/strong><\/h4>\n<p>Participation au processus de fabrication: travail avec le bureau d\u2019\u00e9tude, conception de la structure m\u00e9tallique, fabrication<\/p>\n<h4>\n<strong>Description<\/strong><\/h4>\n<p>Gigantesque arbre qui se dresse \u00e0 17 m\u00e8tres au-dessus du sol<br \/>\nStructure m\u00e9tallique habill\u00e9e de lumi\u00e8res dynamique pour la F\u00eate des lumi\u00e8res de Lyon[\/vc_column_text][\/vc_column_inner][\/vc_row_inner][vc_column_text]<\/p>\n<h4><\/h4>\n<p>[\/vc_column_text][\/vc_column][\/vc_row]<\/p>\n","protected":false},"excerpt":{"rendered":"<p>[vc_row background_style=\u00a0\u00bbcover\u00a0\u00bb css=\u00a0\u00bb.vc_custom_1685348075573{margin-top: 40px !important;margin-bottom: 100px !important;}\u00a0\u00bb][vc_column width=\u00a0\u00bb1\/2&Prime; css=\u00a0\u00bb.vc_custom_1685347252297{margin-bottom: 30px !important;}\u00a0\u00bb][vc_images_carousel images=\u00a0\u00bb13901,13902,13903,13904&Prime; img_size=\u00a0\u00bbfull\u00a0\u00bb speed=\u00a0\u00bb3000&Prime; autoplay=\u00a0\u00bbyes\u00a0\u00bb wrap=\u00a0\u00bbyes\u00a0\u00bb][\/vc_column][vc_column width=\u00a0\u00bb1\/2&Prime;][vc_row_inner][vc_column_inner css=\u00a0\u00bb.vc_custom_1427878035332{border-top-width: 1px !important;border-right-width: 1px !important;border-bottom-width: 1px !important;border-left-width: 1px !important;padding-top: 34px !important;padding-right: 34px !important;padding-bottom: 34px !important;padding-left: 34px !important;border-left-color: rgba(0,0,0,0.1) !important;border-left-style: solid !important;border-right-color: rgba(0,0,0,0.1) !important;border-right-style: solid !important;border-top-color: rgba(0,0,0,0.1) !important;border-top-style: solid !important;border-bottom-color: rgba(0,0,0,0.1) !important;border-bottom-style: solid !important;}\u00a0\u00bb][vc_column_text] Date du projet: 2018 Produit&hellip;<\/p>\n","protected":false},"author":7,"featured_media":0,"parent":0,"menu_order":0,"comment_status":"closed","ping_status":"closed","template":"","meta":{"footnotes":""},"class_list":["post-13895","page","type-page","status-publish","hentry"],"_links":{"self":[{"href":"https:\/\/www.conceptole.fr\/bureau-etude-tolerie-industrielle-montpellier\/wp-json\/wp\/v2\/pages\/13895","targetHints":{"allow":["GET"]}}],"collection":[{"href":"https:\/\/www.conceptole.fr\/bureau-etude-tolerie-industrielle-montpellier\/wp-json\/wp\/v2\/pages"}],"about":[{"href":"https:\/\/www.conceptole.fr\/bureau-etude-tolerie-industrielle-montpellier\/wp-json\/wp\/v2\/types\/page"}],"author":[{"embeddable":true,"href":"https:\/\/www.conceptole.fr\/bureau-etude-tolerie-industrielle-montpellier\/wp-json\/wp\/v2\/users\/7"}],"replies":[{"embeddable":true,"href":"https:\/\/www.conceptole.fr\/bureau-etude-tolerie-industrielle-montpellier\/wp-json\/wp\/v2\/comments?post=13895"}],"version-history":[{"count":2,"href":"https:\/\/www.conceptole.fr\/bureau-etude-tolerie-industrielle-montpellier\/wp-json\/wp\/v2\/pages\/13895\/revisions"}],"predecessor-version":[{"id":13905,"href":"https:\/\/www.conceptole.fr\/bureau-etude-tolerie-industrielle-montpellier\/wp-json\/wp\/v2\/pages\/13895\/revisions\/13905"}],"wp:attachment":[{"href":"https:\/\/www.conceptole.fr\/bureau-etude-tolerie-industrielle-montpellier\/wp-json\/wp\/v2\/media?parent=13895"}],"curies":[{"name":"wp","href":"https:\/\/api.w.org\/{rel}","templated":true}]}}