{"id":14188,"date":"2025-08-06T11:34:59","date_gmt":"2025-08-06T09:34:59","guid":{"rendered":"https:\/\/www.conceptole.fr\/bureau-etude-tolerie-industrielle-montpellier\/?page_id=14188"},"modified":"2025-08-07T14:44:23","modified_gmt":"2025-08-07T12:44:23","slug":"realisations-2","status":"publish","type":"page","link":"https:\/\/www.conceptole.fr\/bureau-etude-tolerie-industrielle-montpellier\/realisations-2\/","title":{"rendered":"R\u00e9alisations"},"content":{"rendered":"<p>[vc_row background_style=\u00a0\u00bbcover\u00a0\u00bb css=\u00a0\u00bb.vc_custom_1427792769516{margin-top: 30px !important;}\u00a0\u00bb][vc_column][vc_column_text]<\/p>\n<h1>Prototypes et s\u00e9ries<\/h1>\n<p>Des \u00e9quipements performants nous permettent de concevoir et fabriquer des pi\u00e8ces complexes, du prototype \u00e0 la s\u00e9rie.<br \/>\nArmoires t\u00e9l\u00e9coms, mobilier urbain, \u00e9quipement m\u00e9dical, viticole, signal\u00e9tique, design, habillage machines, bornes &#8230;[\/vc_column_text][vc_empty_space height=\u00a0\u00bb65px\u00a0\u00bb][vc_row_inner][vc_column_inner width=\u00a0\u00bb1\/3&Prime;][vc_single_image source=\u00a0\u00bbexternal_link\u00a0\u00bb custom_src=\u00a0\u00bbhttps:\/\/www.conceptole.fr\/bureau-etude-tolerie-industrielle-montpellier\/wp-content\/uploads\/2025\/08\/1.png\u00a0\u00bb][vc_single_image source=\u00a0\u00bbexternal_link\u00a0\u00bb custom_src=\u00a0\u00bbhttps:\/\/www.conceptole.fr\/bureau-etude-tolerie-industrielle-montpellier\/wp-content\/uploads\/2025\/08\/19.png\u00a0\u00bb][vc_single_image source=\u00a0\u00bbexternal_link\u00a0\u00bb custom_src=\u00a0\u00bbhttps:\/\/www.conceptole.fr\/bureau-etude-tolerie-industrielle-montpellier\/wp-content\/uploads\/2025\/08\/4.png\u00a0\u00bb][vc_single_image source=\u00a0\u00bbexternal_link\u00a0\u00bb custom_src=\u00a0\u00bbhttps:\/\/www.conceptole.fr\/bureau-etude-tolerie-industrielle-montpellier\/wp-content\/uploads\/2025\/08\/7.png\u00a0\u00bb][vc_single_image source=\u00a0\u00bbexternal_link\u00a0\u00bb custom_src=\u00a0\u00bbhttps:\/\/www.conceptole.fr\/bureau-etude-tolerie-industrielle-montpellier\/wp-content\/uploads\/2025\/08\/11.png\u00a0\u00bb][vc_single_image source=\u00a0\u00bbexternal_link\u00a0\u00bb custom_src=\u00a0\u00bbhttps:\/\/www.conceptole.fr\/bureau-etude-tolerie-industrielle-montpellier\/wp-content\/uploads\/2025\/08\/20.png\u00a0\u00bb][vc_single_image source=\u00a0\u00bbexternal_link\u00a0\u00bb custom_src=\u00a0\u00bbhttps:\/\/www.conceptole.fr\/bureau-etude-tolerie-industrielle-montpellier\/wp-content\/uploads\/2025\/08\/11-1.png\u00a0\u00bb][\/vc_column_inner][vc_column_inner width=\u00a0\u00bb1\/3&Prime;][vc_single_image source=\u00a0\u00bbexternal_link\u00a0\u00bb custom_src=\u00a0\u00bbhttps:\/\/www.conceptole.fr\/bureau-etude-tolerie-industrielle-montpellier\/wp-content\/uploads\/2025\/08\/2.png\u00a0\u00bb][vc_single_image source=\u00a0\u00bbexternal_link\u00a0\u00bb custom_src=\u00a0\u00bbhttps:\/\/www.conceptole.fr\/bureau-etude-tolerie-industrielle-montpellier\/wp-content\/uploads\/2025\/08\/3.png\u00a0\u00bb][vc_single_image source=\u00a0\u00bbexternal_link\u00a0\u00bb custom_src=\u00a0\u00bbhttps:\/\/www.conceptole.fr\/bureau-etude-tolerie-industrielle-montpellier\/wp-content\/uploads\/2025\/08\/8.png\u00a0\u00bb][vc_single_image source=\u00a0\u00bbexternal_link\u00a0\u00bb custom_src=\u00a0\u00bbhttps:\/\/www.conceptole.fr\/bureau-etude-tolerie-industrielle-montpellier\/wp-content\/uploads\/2025\/08\/9.png\u00a0\u00bb][vc_single_image source=\u00a0\u00bbexternal_link\u00a0\u00bb custom_src=\u00a0\u00bbhttps:\/\/www.conceptole.fr\/bureau-etude-tolerie-industrielle-montpellier\/wp-content\/uploads\/2025\/08\/12.png\u00a0\u00bb][vc_single_image source=\u00a0\u00bbexternal_link\u00a0\u00bb custom_src=\u00a0\u00bbhttps:\/\/www.conceptole.fr\/bureau-etude-tolerie-industrielle-montpellier\/wp-content\/uploads\/2025\/08\/14.png\u00a0\u00bb][vc_single_image source=\u00a0\u00bbexternal_link\u00a0\u00bb custom_src=\u00a0\u00bbhttps:\/\/www.conceptole.fr\/bureau-etude-tolerie-industrielle-montpellier\/wp-content\/uploads\/2025\/08\/15.png\u00a0\u00bb][\/vc_column_inner][vc_column_inner width=\u00a0\u00bb1\/3&Prime;][vc_single_image source=\u00a0\u00bbexternal_link\u00a0\u00bb custom_src=\u00a0\u00bbhttps:\/\/www.conceptole.fr\/bureau-etude-tolerie-industrielle-montpellier\/wp-content\/uploads\/2025\/08\/5.png\u00a0\u00bb][vc_single_image source=\u00a0\u00bbexternal_link\u00a0\u00bb custom_src=\u00a0\u00bbhttps:\/\/www.conceptole.fr\/bureau-etude-tolerie-industrielle-montpellier\/wp-content\/uploads\/2025\/08\/6.png\u00a0\u00bb][vc_single_image source=\u00a0\u00bbexternal_link\u00a0\u00bb custom_src=\u00a0\u00bbhttps:\/\/www.conceptole.fr\/bureau-etude-tolerie-industrielle-montpellier\/wp-content\/uploads\/2025\/08\/18.png\u00a0\u00bb][vc_single_image source=\u00a0\u00bbexternal_link\u00a0\u00bb custom_src=\u00a0\u00bbhttps:\/\/www.conceptole.fr\/bureau-etude-tolerie-industrielle-montpellier\/wp-content\/uploads\/2025\/08\/10.png\u00a0\u00bb][vc_single_image source=\u00a0\u00bbexternal_link\u00a0\u00bb custom_src=\u00a0\u00bbhttps:\/\/www.conceptole.fr\/bureau-etude-tolerie-industrielle-montpellier\/wp-content\/uploads\/2025\/08\/Design-sans-titre-6.png\u00a0\u00bb][vc_single_image source=\u00a0\u00bbexternal_link\u00a0\u00bb custom_src=\u00a0\u00bbhttps:\/\/www.conceptole.fr\/bureau-etude-tolerie-industrielle-montpellier\/wp-content\/uploads\/2025\/08\/13.png\u00a0\u00bb][vc_single_image source=\u00a0\u00bbexternal_link\u00a0\u00bb custom_src=\u00a0\u00bbhttps:\/\/www.conceptole.fr\/bureau-etude-tolerie-industrielle-montpellier\/wp-content\/uploads\/2025\/08\/Design-sans-titre-8.png\u00a0\u00bb][\/vc_column_inner][\/vc_row_inner][vc_empty_space][vc_empty_space][\/vc_column][\/vc_row][vc_row background_style=\u00a0\u00bbcover\u00a0\u00bb css=\u00a0\u00bb.vc_custom_1427855420063{margin-bottom: 0px !important;padding-bottom: 0px !important;}\u00a0\u00bb][vc_column][vc_row_inner css=\u00a0\u00bb.vc_custom_1427943534694{margin-bottom: 0px !important;background-image: url(https:\/\/www.conceptole.fr\/bureau-etude-tolerie-industrielle-montpellier\/wp-content\/uploads\/2014\/01\/6.jpg) !important;}\u00a0\u00bb][vc_column_inner width=\u00a0\u00bb3\/4&Prime; css=\u00a0\u00bb.vc_custom_1427855081074{padding-top: 40px !important;padding-left: 40px !important;}\u00a0\u00bb][vc_column_text]<\/p>\n<h2><span class=\"primary_color_text\">Contactez-nous pour un devis<br \/>\n<\/span><\/h2>\n<p><span style=\"color: #ffffff;\">\u00a0<\/span><\/p>\n<p><a href=\"http:\/\/www.conceptole.fr\/bureau-etude-tolerie-industrielle-montpellier\/contactez-nous\/\" class=\"btn btn-lg btn-ghost skin-light\" target=\"_self\">CONTACTEZ-NOUS<\/a>[\/vc_column_text][vc_empty_space][\/vc_column_inner][vc_column_inner width=\u00a0\u00bb1\/4&Prime; css=\u00a0\u00bb.vc_custom_1427855101862{padding-top: 15px !important;padding-bottom: 0px !important;}\u00a0\u00bb][vc_single_image image=\u00a0\u00bb12891&Prime; img_size=\u00a0\u00bb188&#215;254&Prime; alignment=\u00a0\u00bbcenter\u00a0\u00bb css=\u00a0\u00bb.vc_custom_1517261756799{padding-bottom: 0px !important;}\u00a0\u00bb][\/vc_column_inner][\/vc_row_inner][\/vc_column][\/vc_row]<\/p>\n","protected":false},"excerpt":{"rendered":"<p>[vc_row background_style=\u00a0\u00bbcover\u00a0\u00bb css=\u00a0\u00bb.vc_custom_1427792769516{margin-top: 30px !important;}\u00a0\u00bb][vc_column][vc_column_text] Prototypes et s\u00e9ries Des \u00e9quipements performants nous permettent de concevoir et fabriquer des pi\u00e8ces complexes, du prototype \u00e0 la s\u00e9rie. Armoires t\u00e9l\u00e9coms, mobilier urbain, \u00e9quipement m\u00e9dical, viticole, signal\u00e9tique, design, habillage machines, bornes &#8230;[\/vc_column_text][vc_empty_space height=\u00a0\u00bb65px\u00a0\u00bb][vc_row_inner][vc_column_inner width=\u00a0\u00bb1\/3&Prime;][vc_single_image source=\u00a0\u00bbexternal_link\u00a0\u00bb custom_src=\u00a0\u00bbhttps:\/\/www.conceptole.fr\/bureau-etude-tolerie-industrielle-montpellier\/wp-content\/uploads\/2025\/08\/1.png\u00a0\u00bb][vc_single_image source=\u00a0\u00bbexternal_link\u00a0\u00bb custom_src=\u00a0\u00bbhttps:\/\/www.conceptole.fr\/bureau-etude-tolerie-industrielle-montpellier\/wp-content\/uploads\/2025\/08\/19.png\u00a0\u00bb][vc_single_image source=\u00a0\u00bbexternal_link\u00a0\u00bb custom_src=\u00a0\u00bbhttps:\/\/www.conceptole.fr\/bureau-etude-tolerie-industrielle-montpellier\/wp-content\/uploads\/2025\/08\/4.png\u00a0\u00bb][vc_single_image source=\u00a0\u00bbexternal_link\u00a0\u00bb custom_src=\u00a0\u00bbhttps:\/\/www.conceptole.fr\/bureau-etude-tolerie-industrielle-montpellier\/wp-content\/uploads\/2025\/08\/7.png\u00a0\u00bb][vc_single_image source=\u00a0\u00bbexternal_link\u00a0\u00bb custom_src=\u00a0\u00bbhttps:\/\/www.conceptole.fr\/bureau-etude-tolerie-industrielle-montpellier\/wp-content\/uploads\/2025\/08\/11.png\u00a0\u00bb][vc_single_image source=\u00a0\u00bbexternal_link\u00a0\u00bb custom_src=\u00a0\u00bbhttps:\/\/www.conceptole.fr\/bureau-etude-tolerie-industrielle-montpellier\/wp-content\/uploads\/2025\/08\/20.png\u00a0\u00bb][vc_single_image source=\u00a0\u00bbexternal_link\u00a0\u00bb custom_src=\u00a0\u00bbhttps:\/\/www.conceptole.fr\/bureau-etude-tolerie-industrielle-montpellier\/wp-content\/uploads\/2025\/08\/11-1.png\u00a0\u00bb][\/vc_column_inner][vc_column_inner width=\u00a0\u00bb1\/3&Prime;][vc_single_image&hellip;<\/p>\n","protected":false},"author":1,"featured_media":0,"parent":0,"menu_order":0,"comment_status":"closed","ping_status":"closed","template":"fullwidth.php","meta":{"footnotes":""},"class_list":["post-14188","page","type-page","status-publish","hentry"],"_links":{"self":[{"href":"https:\/\/www.conceptole.fr\/bureau-etude-tolerie-industrielle-montpellier\/wp-json\/wp\/v2\/pages\/14188","targetHints":{"allow":["GET"]}}],"collection":[{"href":"https:\/\/www.conceptole.fr\/bureau-etude-tolerie-industrielle-montpellier\/wp-json\/wp\/v2\/pages"}],"about":[{"href":"https:\/\/www.conceptole.fr\/bureau-etude-tolerie-industrielle-montpellier\/wp-json\/wp\/v2\/types\/page"}],"author":[{"embeddable":true,"href":"https:\/\/www.conceptole.fr\/bureau-etude-tolerie-industrielle-montpellier\/wp-json\/wp\/v2\/users\/1"}],"replies":[{"embeddable":true,"href":"https:\/\/www.conceptole.fr\/bureau-etude-tolerie-industrielle-montpellier\/wp-json\/wp\/v2\/comments?post=14188"}],"version-history":[{"count":5,"href":"https:\/\/www.conceptole.fr\/bureau-etude-tolerie-industrielle-montpellier\/wp-json\/wp\/v2\/pages\/14188\/revisions"}],"predecessor-version":[{"id":14289,"href":"https:\/\/www.conceptole.fr\/bureau-etude-tolerie-industrielle-montpellier\/wp-json\/wp\/v2\/pages\/14188\/revisions\/14289"}],"wp:attachment":[{"href":"https:\/\/www.conceptole.fr\/bureau-etude-tolerie-industrielle-montpellier\/wp-json\/wp\/v2\/media?parent=14188"}],"curies":[{"name":"wp","href":"https:\/\/api.w.org\/{rel}","templated":true}]}}